2498?
False
Is 379635117 a multiple of 83?
False
Does 132 divide 10785812?
False
Is 101527922 a multiple of 5202?
False
Is 20811825 a multiple of 25?
True
Does 30 divide 382597500?
True
Does 432 divide 169736188?
False
Is 2815 a factor of 288993530?
True
Is 396 a factor of 834295572?
True
Does 1669 divide 128025652?
True
Does 3 divide 4480122?
True
Does 349 divide 256386917?
True
Is 2960925420 a multiple of 114?
True
Does 1239 divide 638274567?
True
Is 3 a factor of 6016514?
False
Is 39475460 a multiple of 3?
False
Is 1879282 a multiple of 243?
False
Does 14 divide 47470836?
True
Is 868 a factor of 137876490?
False
Does 19 divide 321667425?
False
Is 101577537 a multiple of 23?
False
Is 218 a factor of 1020985936?
False
Does 663 divide 24895650?
True
Does 126 divide 70976863?
False
Is 371 a factor of 100522971?
False
Is 50081357 a multiple of 87?
False
Is 1452052228 a multiple of 22?
True
Is 238057010 a multiple of 3070?
True
Does 268 divide 137669456?
True
Is 75 a factor of 2428908?
False
Is 6334556940 a multiple of 7145?
True
Does 1070 divide 7980946?
False
Is 18 a factor of 383945490?
True
Does 28 divide 93898863?
False
Is 570 a factor of 2091900?
True
Does 45 divide 32708735?
False
Is 105880629 a multiple of 5?
False
Does 1005 divide 373555485?
True
Is 289431820 a multiple of 20?
True
Does 43 divide 232364991?
True
Is 16 a factor of 224707472?
True
Does 399 divide 62062455?
True
Does 520 divide 117859040?
True
Is 26360072 a multiple of 8?
True
Is 211836471 a multiple of 33?
True
Is 73644323 a multiple of 40?
False
Is 301860301 a multiple of 43?
True
Is 54530137 a multiple of 24?
False
Is 14663548 a multiple of 292?
False
Is 180 a factor of 1122124500?
True
Does 2335 divide 2340293056?
False
Is 519684 a multiple of 12?
True
Does 3 divide 202464470?
False
Is 284494032 a multiple of 24?
True
Does 48 divide 22438880?
False
Is 199 a factor of 24627643?
True
Is 7 a factor of 97854519?
True
Is 5986848 a multiple of 354?
True
Is 35 a factor of 81926047?
False
Is 94811497 a multiple of 3?
False
Is 2982843 a multiple of 123?
False
Does 144 divide 754459542?
False
Is 4586494 a multiple of 1144?
False
Does 22 divide 327337024?
False
Is 5938884 a multiple of 42?
True
Is 60 a factor of 157945800?
True
Does 27 divide 6685642887?
False
Is 49259004 a multiple of 772?
True
Does 16 divide 3907091?
False
Is 221 a factor of 14037098?
False
Is 3421 a factor of 150989256?
True
Is 2467655 a multiple of 688?
False
Does 356 divide 13959736?
False
Is 691490368 a multiple of 3657?
False
Is 6 a factor of 12660387?
False
Does 12 divide 68623104?
True
Is 239 a factor of 21749239?
True
Does 13 divide 151246762?
False
Is 102838080 a multiple of 16?
True
Does 756 divide 831637?
False
Is 57 a factor of 112529071?
False
Is 283408231 a multiple of 30?
False
Does 2982 divide 199584511?
False
Is 119 a factor of 93698003?
False
Does 44 divide 18069744?
True
Is 3988195814 a multiple of 5822?
False
Does 362 divide 1365175848?
True
Does 13 divide 40158014?
True
Is 13 a factor of 1393847?
True
Is 13 a factor of 1321809268?
True
Does 14 divide 6130172423?
False
Does 7740 divide 319762620?
True
Is 175586444 a multiple of 22?
True
Is 3095 a factor of 1255443420?
True
Is 58 a factor of 946864881?
False
Does 44 divide 69127437?
False
Is 43 a factor of 39465830?
True
Does 53 divide 6877690?
False
Is 10417548 a multiple of 19?
True
Is 265607866 a multiple of 7?
False
Is 6393213282 a multiple of 5731?
False
Does 41 divide 20019168?
False
Does 120 divide 35226329?
False
Does 8 divide 35011704?
True
Does 835 divide 919729120?
True
Is 25935300 a multiple of 20?
True
Is 2480124 a multiple of 452?
True
Does 1100 divide 1018481686?
False
Is 1842560747 a multiple of 5114?
False
Does 584 divide 17065648?
True
Does 63 divide 17461332?
True
Is 1287483025 a multiple of 205?
True
Does 194 divide 377019896?
False
Is 674622940 a multiple of 10?
True
Is 12481202 a multiple of 59?
False
Is 2117755470 a multiple of 5?
True
Is 60 a factor of 243010595?
False
Is 47 a factor of 6611863?
False
Is 72 a factor of 1617661584?
True
Is 78 a factor of 526819176?
True
Does 4 divide 6050992?
True
Is 82409260 a multiple of 428?
True
Is 1566679658 a multiple of 353?
True
Is 21901066 a multiple of 35?
False
Is 96875481 a multiple of 1283?
True
Does 453 divide 923622153?
True
Is 184644925 a multiple of 59?
True
Is 91591267 a multiple of 437?
True
Does 456 divide 579936696?
True
Is 824622 a multiple of 212?
False
Is 129134873 a multiple of 3341?
False
Is 20 a factor of 287459240?
True
Is 634 a factor of 309280680?
False
Does 66 divide 515120071?
False
Is 15278331 a multiple of 16?
False
Is 81692154 a multiple of 9?
True
Does 195 divide 946055087?
False
Is 487 a factor of 154597663?
True
Does 326 divide 60016205?
False
Does 174 divide 3721373592?
False
Is 147593336 a multiple of 297?
False
Is 1070 a factor of 13438958?
False
Is 1874037105 a multiple of 76?
False
Is 363485302 a multiple of 562?
True
Is 559031533 a multiple of 92?
False
Is 21 a factor of 1559953332?
True
Is 347 a factor of 122783712?
False
Does 184 divide 175937291?
False
Is 464 a factor of 190770501?
False
Does 200 divide 164012513?
False
Is 162 a factor of 11902140?
True
Does 55 divide 16585744?
False
Does 997 divide 3608939?
False
Is 74 a factor of 268546?
True
Does 269 divide 7998754?
False
Is 40567343 a multiple of 459?
False
Is 19 a factor of 75123886?
False
Does 434 divide 581221914?
True
Is 4074983 a multiple of 6?
False
Is 2281091705 a multiple of 303?
False
Is 1394 a factor of 90415331?
False
Does 118 divide 114348439?
False
Is 715836463 a multiple of 2491?
False
Is 67 a factor of 535442846?
False
Does 106 divide 14193294?
True
Does 162 divide 92692350?
True
Is 16 a factor of 917293056?
True
Is 2673 a factor of 34155594?
True
Is 29 a factor of 235818961?
False
Is 177950920 a multiple of 5305?
True
Is 183310104 a multiple of 2238?
True
Is 202971756 even?
True
Does 18 divide 56465141?
False
Is 2 a factor of 5564277?
False
Does 31 divide 414574439?
True
Is 773007600 a multiple of 48?
True
Is 7 a factor of 384102285?
True
Does 3284 divide 23206655?
False
Is 1846 a factor of 378741392?
False
Is 3208 a factor of 367572640?
True
Is 474 a factor of 66234281?
False
Is 5 a factor of 401469001?
False
Does 42 divide 35382984?
True
Does 65 divide 2578531?
False
Is 148 a factor of 132185253?
False
Does 26 divide 2795866235?
False
Is 230780032 a multiple of 1526?
True
Does 37 divide 628109377?
False
Is 51 a factor of 1434719?
False
Does 542 divide 19283910?
False
Is 13796501 a multiple of 719?
False
Is 13 a factor of 137620528?
False
Is 70 a factor of 1616203260?
True
Is 34 a factor of 226002571?
False
Does 2 divide 3659227?
False
Is 2740 a factor of 5432560398?
False
Is 311 a factor of 10560470?
False
Is 19746312 a multiple of 12?
True
Does 360 divide 27246297?
False
Is 6116041 a multiple of 27?
False
Is 52 a factor of 1556978837?
False
Is 80151220 a multiple of 6?
False
Is 2 a factor of 17590579?
False
Is 6653907 a multiple of 1053?
True
Is 12 a factor of 233677654?
False
Is 40526475 a multiple of 670?
False
Is 81 a factor of 365853799?
False
Is 12 a factor of 336204852?
True
Is 386 a factor of 223655627?
False
Is 4045033275 a multiple of 696?
False
Is 27 a factor of 141514496?
False
Does 34 divide 115160789?
False
Is 72254476 a multiple of 269?
True
Does 6 divide 71934384?
True
Does 4 divide 3104445?
False
Does 477 divide 15152859?
True
Is 339828 a multiple of 2?
True
Is 350 a factor of 76031477?
False
Does 12 divide 5300200?
False
Is 2433756570 a multiple of 6?
True
Does 563 divide 115150658?
False
Is 97 a factor of 7112829147?
False
Does 210 divide 23060654?
False
Is 71852332 a multiple of 6?
False
Is 41145580 a multiple of 554?
True
Is 679 a factor of 333269496?
True
Is 134 a factor of 66765366?
True
Is 60260130 a multiple of 153?
False
Is 594 a factor of 29886201?
False
Is 38 a factor of 15753470?
True
Does 5535 divide 202331925?
True
Does 29 divide 13517248?
True
Is 377 a factor of 415346364?
False
Does 9 divide 34683452?
False
Does 132 divide 91867776?
True
Is 2312941 a multiple of 3?
False
Is 4 a factor of 24937126?
False
Is 1268060388 a multiple of 717?
True
Does 1110 divide 1457763000?
True
Is 16 a factor of 292009846?
False
Is 121300837 a multiple 